{"id":41,"date":"2019-01-20T18:19:34","date_gmt":"2019-01-20T17:19:34","guid":{"rendered":"http:\/\/cetef63.fr\/?page_id=41"},"modified":"2020-08-10T09:40:50","modified_gmt":"2020-08-10T07:40:50","slug":"accueil","status":"publish","type":"page","link":"https:\/\/cetef63.fr\/","title":{"rendered":"Accueil"},"content":{"rendered":"\n<p>Association r\u00e9gie par la loi du 1er Juillet 1901, le <strong>Centre d\u2019\u00e9tudes techniques et \u00e9conomiques foresti\u00e8res du Puy-de-D\u00f4me<\/strong> regroupe les personnes d\u00e9sireuses de participer \u00e0 l\u2019am\u00e9lioration et \u00e0 l\u2019innovation des pratiques sylvicoles et de l\u2019\u00e9conomie du bois.<\/p>\n\n\n\n<div class=\"wp-block-image\"><figure class=\"alignright is-resized\"><img decoding=\"async\" loading=\"lazy\" src=\"https:\/\/cetef63.fr\/wp-content\/uploads\/2019\/03\/P7270021-1-e1554049793812-768x1024.jpg\" alt=\"\" class=\"wp-image-705\" width=\"428\" height=\"571\" srcset=\"https:\/\/cetef63.fr\/wp-content\/uploads\/2019\/03\/P7270021-1-e1554049793812-768x1024.jpg 768w, https:\/\/cetef63.fr\/wp-content\/uploads\/2019\/03\/P7270021-1-e1554049793812-225x300.jpg 225w\" sizes=\"(max-width: 428px) 100vw, 428px\" \/><figcaption>OLYMPUS DIGITAL CAMERA<\/figcaption><\/figure><\/div>\n\n\n\n<p>Les activit\u00e9s de notre association consistent \u00e0 organiser, tout au long de l\u2019ann\u00e9e, des visites et des exp\u00e9rimentations en for\u00eat. Ces actions scientifiques et p\u00e9dagogiques anim\u00e9es par un ing\u00e9nieur de l\u2019\u00e9tablissement public CRPF (Centre r\u00e9gional de la propri\u00e9t\u00e9 foresti\u00e8re) avec lequel notre association collabore \u00e9troitement, permettent \u00e0 nos adh\u00e9rents d\u2019approfondir leurs connaissances sylvicoles. Elles les sensibilisent aussi aux enjeux environnementaux li\u00e9s \u00e0 la for\u00eat et les guident pour mettre en \u0153uvre une gestion durable de leurs for\u00eats.<\/p>\n\n\n\n<p>A c\u00f4t\u00e9 de ses activit\u00e9s courantes, le CETEF organise des actions sp\u00e9cifiques avec des voyages d\u2019\u00e9tude en France et \u00e0 l\u2019\u00e9tranger visant \u00e0 analyser l\u2019organisation des fili\u00e8res bois comp\u00e9titives et d\u00e9couvrir les bonnes pratiques sylvicoles associ\u00e9es. <\/p>\n\n\n\n<div class=\"wp-block-file\"><a href=\"https:\/\/cetef63.fr\/wp-content\/uploads\/2019\/04\/50-ans-du-CETEF63.pdf.pdf\">Pour mieux conna\u00eetre le CETEF vous pouvez visualiser le compte-rendu de son cinquantenaire<\/a><a href=\"https:\/\/cetef63.fr\/wp-content\/uploads\/2019\/04\/50-ans-du-CETEF63.pdf.pdf\" class=\"wp-block-file__button\" download>T\u00e9l\u00e9charger<\/a><\/div>\n\n\n\n<div class=\"wp-block-image\"><figure class=\"alignleft is-resized\"><img decoding=\"async\" loading=\"lazy\" src=\"https:\/\/cetef63.fr\/wp-content\/uploads\/2019\/02\/Puys-de-D\u00f4me-1024x691.jpg\" alt=\"\" class=\"wp-image-375\" width=\"415\" height=\"280\" srcset=\"https:\/\/cetef63.fr\/wp-content\/uploads\/2019\/02\/Puys-de-D\u00f4me-1024x691.jpg 1024w, https:\/\/cetef63.fr\/wp-content\/uploads\/2019\/02\/Puys-de-D\u00f4me-300x202.jpg 300w, https:\/\/cetef63.fr\/wp-content\/uploads\/2019\/02\/Puys-de-D\u00f4me-768x518.jpg 768w, https:\/\/cetef63.fr\/wp-content\/uploads\/2019\/02\/Puys-de-D\u00f4me.jpg 1770w\" sizes=\"(max-width: 415px) 100vw, 415px\" \/><\/figure><\/div>\n\n\n\n<p style=\"background-color:#e7db38\" class=\"has-text-color has-background has-very-dark-gray-color\"><strong>Contact:<\/strong> CETEF du Puy de d\u00f4me &#8211; Maison de la For\u00eat et du Bois d&rsquo;Auvergne &#8211; 10 all\u00e9e des Eaux et For\u00eats &#8211; Marmilhat &#8211; 63 370 LEMPDES  T\u00e9l\u00e9phone: 04 73 98 71 27<\/p>\n\n\n\n<p class=\"has-text-color has-background has-text-align-right has-very-dark-gray-color has-luminous-vivid-amber-background-color\">Pour tout commentaire ou demande de renseignements, vous pouvez \u00e9galement envoyer un mail \u00e0 cette adresse  : <strong>webmaster@cetef63.fr<\/strong><\/p>\n","protected":false},"excerpt":{"rendered":"<p>Association r\u00e9gie par la loi du 1er Juillet 1901, le Centre d\u2019\u00e9tudes techniques et \u00e9conomiques foresti\u00e8res du Puy-de-D\u00f4me regroupe les personnes d\u00e9sireuses de participer \u00e0 l\u2019am\u00e9lioration et \u00e0 l\u2019innovation des pratiques sylvicoles et de&#46;&#46;&#46;<\/p>\n","protected":false},"author":1,"featured_media":0,"parent":0,"menu_order":0,"comment_status":"closed","ping_status":"closed","template":"","meta":{"_lmt_disableupdate":"no","_lmt_disable":"","ngg_post_thumbnail":0},"_links":{"self":[{"href":"https:\/\/cetef63.fr\/index.php?rest_route=\/wp\/v2\/pages\/41"}],"collection":[{"href":"https:\/\/cetef63.fr\/index.php?rest_route=\/wp\/v2\/pages"}],"about":[{"href":"https:\/\/cetef63.fr\/index.php?rest_route=\/wp\/v2\/types\/page"}],"author":[{"embeddable":true,"href":"https:\/\/cetef63.fr\/index.php?rest_route=\/wp\/v2\/users\/1"}],"replies":[{"embeddable":true,"href":"https:\/\/cetef63.fr\/index.php?rest_route=%2Fwp%2Fv2%2Fcomments&post=41"}],"version-history":[{"count":25,"href":"https:\/\/cetef63.fr\/index.php?rest_route=\/wp\/v2\/pages\/41\/revisions"}],"predecessor-version":[{"id":1208,"href":"https:\/\/cetef63.fr\/index.php?rest_route=\/wp\/v2\/pages\/41\/revisions\/1208"}],"wp:attachment":[{"href":"https:\/\/cetef63.fr\/index.php?rest_route=%2Fwp%2Fv2%2Fmedia&parent=41"}],"curies":[{"name":"wp","href":"https:\/\/api.w.org\/{rel}","templated":true}]}}

<p>Association régie par la loi du 1er Juillet 1901, le <strong>Centre d’études techniques et économiques forestières du Puy-de-Dôme</strong> regroupe les personnes désireuses de participer à l’amélioration et à l’innovation des pratiques sylvicoles et de l’économie du bois.</p>



<div class="wp-block-image"><figure class="alignright is-resized"><img decoding="async" loading="lazy" src="https://cetef63.fr/wp-content/uploads/2019/03/P7270021-1-e1554049793812-768x1024.jpg" alt="" class="wp-image-705" width="428" height="571" srcset="https://cetef63.fr/wp-content/uploads/2019/03/P7270021-1-e1554049793812-768x1024.jpg 768w, https://cetef63.fr/wp-content/uploads/2019/03/P7270021-1-e1554049793812-225x300.jpg 225w" sizes="(max-width: 428px) 100vw, 428px" /><figcaption>OLYMPUS DIGITAL CAMERA</figcaption></figure></div>



<p>Les activités de notre association consistent à organiser, tout au long de l’année, des visites et des expérimentations en forêt. Ces actions scientifiques et pédagogiques animées par un ingénieur de l’établissement public CRPF (Centre régional de la propriété forestière) avec lequel notre association collabore étroitement, permettent à nos adhérents d’approfondir leurs connaissances sylvicoles. Elles les sensibilisent aussi aux enjeux environnementaux liés à la forêt et les guident pour mettre en œuvre une gestion durable de leurs forêts.</p>



<p>A côté de ses activités courantes, le CETEF organise des actions spécifiques avec des voyages d’étude en France et à l’étranger visant à analyser l’organisation des filières bois compétitives et découvrir les bonnes pratiques sylvicoles associées. </p>



<div class="wp-block-file"><a href="https://cetef63.fr/wp-content/uploads/2019/04/50-ans-du-CETEF63.pdf.pdf">Pour mieux connaître le CETEF vous pouvez visualiser le compte-rendu de son cinquantenaire</a><a href="https://cetef63.fr/wp-content/uploads/2019/04/50-ans-du-CETEF63.pdf.pdf" class="wp-block-file__button" download>Télécharger</a></div>



<div class="wp-block-image"><figure class="alignleft is-resized"><img decoding="async" loading="lazy" src="https://cetef63.fr/wp-content/uploads/2019/02/Puys-de-Dôme-1024x691.jpg" alt="" class="wp-image-375" width="415" height="280" srcset="https://cetef63.fr/wp-content/uploads/2019/02/Puys-de-Dôme-1024x691.jpg 1024w, https://cetef63.fr/wp-content/uploads/2019/02/Puys-de-Dôme-300x202.jpg 300w, https://cetef63.fr/wp-content/uploads/2019/02/Puys-de-Dôme-768x518.jpg 768w, https://cetef63.fr/wp-content/uploads/2019/02/Puys-de-Dôme.jpg 1770w" sizes="(max-width: 415px) 100vw, 415px" /></figure></div>



<p style="background-color:#e7db38" class="has-text-color has-background has-very-dark-gray-color"><strong>Contact:</strong> CETEF du Puy de dôme &#8211; Maison de la Forêt et du Bois d&rsquo;Auvergne &#8211; 10 allée des Eaux et Forêts &#8211; Marmilhat &#8211; 63 370 LEMPDES  Téléphone: 04 73 98 71 27</p>



<p class="has-text-color has-background has-text-align-right has-very-dark-gray-color has-luminous-vivid-amber-background-color">Pour tout commentaire ou demande de renseignements, vous pouvez également envoyer un mail à cette adresse  : <strong>webmaster@cetef63.fr</strong></p>

<p>Association régie par la loi du 1er Juillet 1901, le Centre d’études techniques et économiques forestières du Puy-de-Dôme regroupe les personnes désireuses de participer à l’amélioration et à l’innovation des pratiques sylvicoles et de&#46;&#46;&#46;</p>
