{"id":325,"date":"2019-02-15T09:01:25","date_gmt":"2019-02-15T08:01:25","guid":{"rendered":"http:\/\/cetef63.fr\/?page_id=325"},"modified":"2023-02-03T15:14:55","modified_gmt":"2023-02-03T14:14:55","slug":"adherer","status":"publish","type":"page","link":"https:\/\/cetef63.fr\/?page_id=325","title":{"rendered":"Adh\u00e9rer"},"content":{"rendered":"\n<p>Suite logique de la formation <strong>FOGEFOR<\/strong>, le <strong>CETEF<\/strong> vous permet de vous perfectionner dans la gestion de la for\u00eat et de vous tenir au courant des derni\u00e8res nouveaut\u00e9s dans ce domaine.<\/p>\n\n\n\n<p>Pour adh\u00e9rer, il suffit de remplir le document joint : <\/p>\n\n\n\n<div class=\"wp-block-file\"><a id=\"wp-block-file--media-bb02b01a-2325-4716-bae3-696a166a464a\" href=\"https:\/\/cetef63.fr\/wp-content\/uploads\/2023\/02\/Bulletin_d_adhesion_2023-2.pdf\">Bulletin d&rsquo;adhesion_2023<\/a><a href=\"https:\/\/cetef63.fr\/wp-content\/uploads\/2023\/02\/Bulletin_d_adhesion_2023-2.pdf\" class=\"wp-block-file__button wp-element-button\" download aria-describedby=\"wp-block-file--media-bb02b01a-2325-4716-bae3-696a166a464a\">T\u00e9l\u00e9charger<\/a><\/div>\n\n\n\n<p>Vous pouvez \u00e9galement vous abonner \u00e0 la revue <strong>For\u00eat Entreprise <\/strong>\u00e0 un prix avantageux r\u00e9serv\u00e9 aux adh\u00e9rents du CETEF.<\/p>\n\n\n\n<figure class=\"wp-block-image alignwide\"><img decoding=\"async\" loading=\"lazy\" width=\"1024\" height=\"226\" src=\"https:\/\/cetef63.fr\/wp-content\/uploads\/2019\/02\/Bandeau_01_livradois-1024x226.jpg\" alt=\"\" class=\"wp-image-340\" srcset=\"https:\/\/cetef63.fr\/wp-content\/uploads\/2019\/02\/Bandeau_01_livradois-1024x226.jpg 1024w, https:\/\/cetef63.fr\/wp-content\/uploads\/2019\/02\/Bandeau_01_livradois-300x66.jpg 300w, https:\/\/cetef63.fr\/wp-content\/uploads\/2019\/02\/Bandeau_01_livradois-768x170.jpg 768w\" sizes=\"(max-width: 1024px) 100vw, 1024px\" \/><figcaption class=\"wp-element-caption\">OLYMPUS DIGITAL CAMERA<\/figcaption><\/figure>\n","protected":false},"excerpt":{"rendered":"<p>Suite logique de la formation FOGEFOR, le CETEF vous permet de vous perfectionner dans la gestion de la for\u00eat et de vous tenir au courant des derni\u00e8res nouveaut\u00e9s dans ce domaine. Pour adh\u00e9rer, il&#46;&#46;&#46;<\/p>\n","protected":false},"author":1,"featured_media":0,"parent":0,"menu_order":0,"comment_status":"closed","ping_status":"closed","template":"","meta":{"_lmt_disableupdate":"no","_lmt_disable":"","ngg_post_thumbnail":0},"_links":{"self":[{"href":"https:\/\/cetef63.fr\/index.php?rest_route=\/wp\/v2\/pages\/325"}],"collection":[{"href":"https:\/\/cetef63.fr\/index.php?rest_route=\/wp\/v2\/pages"}],"about":[{"href":"https:\/\/cetef63.fr\/index.php?rest_route=\/wp\/v2\/types\/page"}],"author":[{"embeddable":true,"href":"https:\/\/cetef63.fr\/index.php?rest_route=\/wp\/v2\/users\/1"}],"replies":[{"embeddable":true,"href":"https:\/\/cetef63.fr\/index.php?rest_route=%2Fwp%2Fv2%2Fcomments&post=325"}],"version-history":[{"count":12,"href":"https:\/\/cetef63.fr\/index.php?rest_route=\/wp\/v2\/pages\/325\/revisions"}],"predecessor-version":[{"id":29698,"href":"https:\/\/cetef63.fr\/index.php?rest_route=\/wp\/v2\/pages\/325\/revisions\/29698"}],"wp:attachment":[{"href":"https:\/\/cetef63.fr\/index.php?rest_route=%2Fwp%2Fv2%2Fmedia&parent=325"}],"curies":[{"name":"wp","href":"https:\/\/api.w.org\/{rel}","templated":true}]}}